/(-8)*267/k?
6
Let y(s) = 6*s**2 - 50*s - 183. What is the units digit of y(-10)?
7
Let c be (5 - -3)/(-1 + 3). Suppose -m - c + 16 = 0. Let y(o) = 3*o**2 - 22*o + 17. What is the hundreds digit of y(m)?
1
Let h(u) = 436*u**2 - 53*u - 425. What is the hundreds digit of h(-7)?
3
Let x(g) = g**3 + g**2 + g + 5. Let f be x(0). Suppose 0 = m + f*m - m. Suppose 2*b + 49 = -n + 4*n, m = 3*n + 3*b - 69. What is the units digit of n?
9
What is the thousands digit of -1*812*(45/75 + 23/(-5))?
3
Suppose 771*u - 770*u = -1290. Let s = -287 - u. What is the units digit of s?
3
Let h(r) = -r**3 + 31*r**2 - 5*r + 51. Let b be h(32). Let g = -617 - b. What is the hundreds digit of g?
5
What is the hundreds digit of (12 - 11) + -471*93/(-9)?
8
Let d(u) = -1708*u + 2589. What is the tens digit of d(-6)?
3
Suppose 41*g = 44*g - 93. Let f = g - 28. Suppose f*m - 100 = 152. What is the units digit of m?
4
Suppose -38533 = -17*p + 50785. What is the units digit of p?
4
Let x = 1571 + 1958. What is the hundreds digit of x?
5
Let k be (-14588)/(-8) - (-2)/4. Suppose -4*z - 2715 = -3*f, -2*f - 4*z = -2*z - k. Suppose -21 = -10*o + f. What is the tens digit of o?
9
Let s(l) = -48*l + 42. Let w be s(-11). Suppose 0 = -t - 2*t + w. What is the hundreds digit of t?
1
Let k = 118 + -118. Suppose -x - 2*x + 291 = k. Suppose 98*c - 198 = x*c. What is the hundreds digit of c?
1
Let f(x) = 4807*x - 97. What is the tens digit of f(2)?
1
Let r be 744/(-20)*(-15)/6. Let v = 23 + r. Suppose 0 = 2*a - 94 - v. What is the units digit of a?
5
Let p = 8748 + -5543. Let c = p - 2223. What is the units digit of c?
2
Let a = 56 - 62. Let j(b) = 14*b**3 - 81*b**2 + 3*b + 17. Let x(d) = -5*d**3 + 27*d**2 - d - 6. Let p(n) = a*j(n) - 17*x(n). What is the units digit of p(-27)?
7
What is the hundreds digit of (-5088)/9*(-252)/24?
9
Let v(i) = 6*i**2 + 104*i - 3168. What is the thousands digit of v(48)?
5
Let p(x) = -5*x - 9. Let i be p(-4). Suppose 4*g = 5*h - 112, -74 - i = -5*h - 5*g. Let m(d) = -d**2 + 30*d - 22. What is the tens digit of m(h)?
7
Suppose 17*x = -2*b + 14*x + 6103, 5*b = -5*x + 15250. What is the units digit of b?
7
Let y(z) = 128*z**2 + 104*z - 517. What is the tens digit of y(6)?
1
Let h = -17 - -26. Suppose -3*o - 9 = 5*s, -5*s - h - 8 = -o. Suppose 4*g = -o*w + 296, w - g = -w + 286. What is the units digit of w?
4
Suppose -35*t + 33*t = 0. Let d(g) = -2*g + 823. What is the units digit of d(t)?
3
What is the thousands digit of (17 - (-3 - 2))*111?
2
Suppose 50 = 5*a + 30. Suppose 5*z - 7*g - 84 = -3*g, -4*z + a*g = -68. What is the units digit of z?
6
Let h(s) = 3 + 2*s**2 + 2 - 6*s + 25*s**3 - 2. Let y be -12 + 8 + -3 - 99/(-11). What is the tens digit of h(y)?
9
What is the units digit of (576/72 - (-13066)/7)*(-7)/(-1)?
2
Let d(f) = 266 + 61 - 51 + 82*f - 18*f. What is the tens digit of d(17)?
6
Let t = 25 + -23. Suppose 25 = 5*a - k, 4*a + t*k - 4 = 2. Suppose 726 = a*y + 2*w, 5*w + 50 - 245 = -y. What is the tens digit of y?
8
Suppose 0 = 3*w - 3*k + 18, 0 = 2*w - k + 11 + 4. What is the units digit of ((-54)/12)/(w/48)?
4
Let v(x) = x**3 - 8*x**2 + 3*x + 24. Let c = 106 + -97. Let s be v(c). Let f = 36 + s. What is the units digit of f?
8
Suppose 22164 = 18*f - 8832. What is the hundreds digit of f?
7
What is the tens digit of 17*(-23840)/(-220) + 0 + (-2)/11?
4
Suppose -7*z - 12000 = 3*z. Let w = z - -2224. What is the units digit of w?
4
Let b = 12181 + -1100. What is the thousands digit of b?
1
Suppose 0 = 3*t - 18 - 3. Let r(y) = 8*y - y**3 - y**2 + 12*y - t - 14*y. What is the tens digit of r(-6)?
3
Let v = -69526 - -106795. What is the hundreds digit of v?
2
Let v(q) = q**2 - 41*q + 496. What is the tens digit of v(37)?
4
Suppose -10 + 13 = 3*g, 0 = -3*u - g - 1184. Let f = u - -1147. What is the tens digit of f?
5
Let j = -49 - -42. Let q(n) = -37*n - 1. Let v be q(j). Suppose 7*y - v = y. What is the units digit of y?
3
Suppose 2*g - 5*r = 17384, -3*g + 2*g - 3*r = -8714. What is the thousands digit of g?
8
Let u be (32/5 - 6)/((-2)/570). Let l = u - -218. Let i = l - -16. What is the hundreds digit of i?
1
Let d be -4*2/28 + 8212/28. Let o = -134 + d. What is the tens digit of o?
5
Let c = -26602 + 55901. What is the units digit of c?
9
Let n(k) = 19*k + 43. Let r(q) = -9*q - 21. Let w(y) = 4*n(y) + 9*r(y). Let j be w(-8). Suppose -25*l + j*l = -60. What is the tens digit of l?
3
Suppose 4*h = 26*h - 528. Suppose 0 = h*v - 22*v - 366. What is the tens digit of v?
8
Let n(h) = -67*h**2 - 489*h + 35. What is the units digit of n(-6)?
7
Suppose 5*m + 2*n - 72972 = 0, 0 = -35*m + 33*m - 5*n + 29193. What is the ten thousands digit of m?
1
Let u(t) = 11*t**2 - 76*t - 13. Let v be u(7). What is the units digit of (3/(-3))/(7359/1227 + v)?
9
Suppose -276 + 3848 = 4*y. Suppose -4*q - y = -2*c - 275, q - 906 = -3*c. Suppose 2*x - l = c, -4*x + x - 3*l = -477. What is the tens digit of x?
5
What is the units digit of (2*4)/(86/72670)?
0
Let m = -26688 + 47620. What is the thousands digit of m?
0
Let k(h) = 113*h**3 + 17*h**2 - 135*h + 10. What is the hundreds digit of k(6)?
2
Suppose 2101 = 2*w - 2*v - v, 5*v - 25 = 0. Let g(y) = 8*y. Let q be g(1). Suppose 50 - w = -q*h. What is the hundreds digit of h?
1
Let g(h) = h**3 + 2*h**2 - 2*h - 19. Let s be g(11). Suppose 4*i - 1517 = -c, -4*i + 8*i - s = 4*c. What is the units digit of i?
0
Suppose 4*a - 74*n + 76*n - 51148 = 0, -3*a = 4*n - 38366. What is the hundreds digit of a?
7
What is the units digit of -9 - (2179632/(-12))/14?
5
Suppose -2*g + 3 = g. Let m be g/(-2) - 6190/(-20). Suppose 8*v - m = 163. What is the units digit of v?
9
Suppose 4*r - 7 - 2 = u, 0 = -u - r + 6. Suppose -3*q = u*l - 0*q - 1338, -3*l + 1358 = -q. What is the hundreds digit of l?
4
Let z(u) = 774*u + 1587. What is the units digit of z(24)?
3
Suppose 36*z - 5*v = 31*z + 13410, 5*v - 25 = 0. What is the hundreds digit of z?
6
Suppose 17*r + 129746 - 496172 = -r. What is the units digit of r?
7
Suppose 22*g - 69917 + 203496 = 906175. What is the units digit of g?
8
Let a(x) = -11924*x - 2113. What is the units digit of a(-3)?
9
Suppose 0 = 4*j, 7034 = z - 77*j + 78*j. What is the units digit of z?
4
Suppose -64 = -7*c + 3*c + v, 0 = -v + 4. Suppose -c*a + 20*a = 495. What is the hundreds digit of a?
1
Suppose v = -b + 2644, -3*v = -3*b + 882 + 7080. Suppose 0 = 1411*c - 1408*c - b. What is the tens digit of c?
8
Suppose -2*q = 2*q - 3*d + 489, -2*q - 248 = 2*d. Let n = q + 128. What is the units digit of -54*(-10)/(-5)*n/(-3)?
0
Let s(i) = 6*i**2 + 3*i. Let b(y) = 8*y + 25. Let f be b(6). Let g = f + -78. What is the units digit of s(g)?
5
Let b = 89132 + -49341. What is the tens digit of b?
9
Let a = -18925 - -34406. What is the tens digit of a?
8
Let j be 2/(-6) + (6 - (-20552)/24). Suppose -4*m + j = k, -5*k - 3*m + 2404 + 1974 = 0. What is the units digit of k?
8
Suppose -13*r + 888 = -10*r. Suppose -4*z = 5*a - 284, -7*a + 12*a + z = r. What is the hundreds digit of 1220/6 - 20/a?
2
Suppose -324 = 15*v - 51*v. Let n(m) = 27*m**2 - 75*m - 21. What is the units digit of n(v)?
1
Let o be (6/10)/(15/75). Let z(u) = -8 - 8*u - 5*u + o*u**2 + 17. What is the units digit of z(10)?
9
What is the thousands digit of (2 - 57/6)*9944/(-5)?
4
Suppose 4*o = r + 2*r - 2680, r = -o + 905. Suppose 0 = -2*t + 122 + r. What is the hundreds digit of t?
5
Let y be 506 + -2 + -10 + 10. Let m be (-30)/70 - (-34)/14. Suppose y = 3*h - 3*b, -m*h - b + 333 = -0*b. What is the units digit of h?
7
Let h be (40/(-16) - -1)*-7714. Suppose -h = 20*g - 42231. What is the units digit of g?
3
Let i = 18991 - 9480. What is the thousands digit of i?
9
Let a = -14321 + 20749. What is the hundreds digit of a?
4
Let k be -5 + 52592/48 + 1/3. Suppose 5*p + 907 = y, 3*p + k - 3722 = -3*y. What is the tens digit of y?
8
Let h(m) = 13*m - 42 - 4*m - 8*m - 4*m. Let n be h(-15). Suppose 61 = -4*i + 2*k + 205, 117 = 3*i + n*k. What is the tens digit of i?
3
Let l be (-472)/(-20) - (-4)/10. Let d be (-68)/85 - (l/(-10))/3. Suppose -u - u + 138 = d. What is the units digit of u?
9
Suppose -708 = -5*a - 128. Let i be a - 0 - 20/(-10). Let y = i + 24. What is the hundreds digit of y?
1
Let t be (6/(-12))/((-4)/232). Let r(z) = -5 - t*z + 3 - 8. What is the tens digit of r(-3)